{"id":46438,"date":"2021-04-30T12:44:35","date_gmt":"2021-04-30T17:44:35","guid":{"rendered":"https:\/\/artvallarta.com\/actualizaciones-de-covid-19\/"},"modified":"2021-05-03T15:53:41","modified_gmt":"2021-05-03T20:53:41","slug":"actualizaciones-de-covid-19","status":"publish","type":"page","link":"https:\/\/artvallarta.com\/es\/actualizaciones-de-covid-19\/","title":{"rendered":"Actualizaciones de Covid 19"},"content":{"rendered":"\t\t<div data-elementor-type=\"wp-page\" data-elementor-id=\"46438\" class=\"elementor elementor-46438 elementor-33680\" data-elementor-post-type=\"page\">\n\t\t\t\t\t\t<section class=\"elementor-section elementor-top-section elementor-element elementor-element-7f1303ab elementor-section-boxed elementor-section-height-default elementor-section-height-default wd-section-disabled\" data-id=\"7f1303ab\" data-element_type=\"section\" data-e-type=\"section\">\n\t\t\t\t\t\t<div class=\"elementor-container elementor-column-gap-default\">\n\t\t\t\t\t<div class=\"elementor-column elementor-col-100 elementor-top-column elementor-element elementor-element-7a87852f\" data-id=\"7a87852f\" data-element_type=\"column\" data-e-type=\"column\">\n\t\t\t<div class=\"elementor-widget-wrap elementor-element-populated\">\n\t\t\t\t\t\t<div class=\"elementor-element elementor-element-27137a6 color-scheme-inherit text-left elementor-widget elementor-widget-text-editor\" data-id=\"27137a6\" data-element_type=\"widget\" data-e-type=\"widget\" data-widget_type=\"text-editor.default\">\n\t\t\t\t<div class=\"elementor-widget-container\">\n\t\t\t\t\t\t\t\t\t<p style=\"text-align: center;\">Art VallARTa se complace en anunciar que reabrir\u00e1 la tienda Art Supply y las clases a partir del mi\u00e9rcoles 1 de julio solo para miembros y estudiantes. Para obtener informaci\u00f3n sobre la membres\u00eda, visite:<a href=\"https:\/\/artvallarta.com\/product\/membership\/\"> https:\/\/artvallarta.com\/product\/membership\/<\/a><\/p>\n<p style=\"text-align: center;\">La capacidad de las clases se controlar\u00e1 seg\u00fan el tama\u00f1o del aula\/taller y todos los participantes deber\u00e1n usar una m\u00e1scarilla y cumplir con los procedimientos especiales de salubridad y seguridad. Puede visitar la galer\u00eda en l\u00ednea y continuar realizando pedidos de suministros de arte en l\u00ednea para una recoleccion local segura o DHL \/ FedEx<a href=\"\/?product_cat= \"> https:\/\/artvallarta.com\/product-category\/art-supplies\/<\/a><\/p>\n<p style=\"text-align: center;\">Espacios dedicados para talleres de artistas disponbiles con horario de verano en nuestra aula con aire acondicionado. Durante estos tiempos, hemos descubierto que crear arte y aprender una nueva habilidad creativa puede ser muy emocionante. Esperamos poder darle la bienvenida de vuelta pronto.<\/p>\n<p style=\"text-align: center;\">Art VallARTa est\u00e1 feliz de anunciar que reabrir\u00e1 sus puertas para su tienda de art\u00edculos de arte y para clases empezando este pr\u00f3ximo mi\u00e9rcoles 1ro de julio para miembros y estudiantes solamente. Para informaci\u00f3n acerca de la membres\u00eda por favor visite el sitio:<a href=\"https:\/\/artvallarta.com\/product\/membership\/\"> https:\/\/artvallarta.com\/product\/membership\/<\/a><\/p>\n<p style=\"text-align: center;\">La capacidad de las clases estar\u00e1 controlada acorde al tama\u00f1o del sal\u00f3n y se requiere que todos los participantes usen una mascarilla y que sigan el protocolo de higiene especial. Puede visitar la galer\u00eda virtual y tambi\u00e9n programar \u00f3rdenes con recolecci\u00f3n segura o usando un servicio de mensajer\u00eda (DHL \/ FedEx), esta \u00faltima al ir al siguiente sitio:<a href=\"https:\/\/artvallarta.com\/es\/categoria-producto\/art-supplies-es\/\"> https:\/\/artvallarta.com\/product-category\/art-supplies\/<\/a><\/p>\n<p style=\"text-align: center;\">Espacios dedicados para talleres de artistas disponbiles con horario de verano en nuestra aula con aire acondicionado. Nos hemos dado cuenta de que durante estos tiempos la creaci\u00f3n de arte y el aprender una nueva habilidad creativa puede ser bastante enriquecedor. Esperamos darle la bienvenida muy pronto.<\/p>\n\t\t\t\t\t\t\t\t<\/div>\n\t\t\t\t<\/div>\n\t\t\t\t\t<\/div>\n\t\t<\/div>\n\t\t\t\t\t<\/div>\n\t\t<\/section>\n\t\t\t\t<\/div>\n\t\t","protected":false},"excerpt":{"rendered":"<p>Art VallARTa se complace en anunciar que reabrir\u00e1 la tienda Art Supply y las clases a partir del mi\u00e9rcoles 1<\/p>\n","protected":false},"author":68,"featured_media":0,"parent":0,"menu_order":0,"comment_status":"closed","ping_status":"closed","template":"elementor_header_footer","meta":{"footnotes":""},"class_list":["post-46438","page","type-page","status-publish","hentry"],"yoast_head":"<!-- This site is optimized with the Yoast SEO plugin v27.3 - https:\/\/yoast.com\/product\/yoast-seo-wordpress\/ -->\n<title>Actualizaciones de Covid 19 - Art VallARTa Puerto Vallarta M\u00e9xico<\/title>\n<meta name=\"robots\" content=\"index, follow, max-snippet:-1, max-image-preview:large, max-video-preview:-1\" \/>\n<link rel=\"canonical\" href=\"https:\/\/artvallarta.com\/es\/actualizaciones-de-covid-19\/\" \/>\n<meta property=\"og:locale\" content=\"es_ES\" \/>\n<meta property=\"og:type\" content=\"article\" \/>\n<meta property=\"og:title\" content=\"Actualizaciones de Covid 19 - Art VallARTa Puerto Vallarta M\u00e9xico\" \/>\n<meta property=\"og:description\" content=\"Art VallARTa se complace en anunciar que reabrir\u00e1 la tienda Art Supply y las clases a partir del mi\u00e9rcoles 1\" \/>\n<meta property=\"og:url\" content=\"https:\/\/artvallarta.com\/es\/actualizaciones-de-covid-19\/\" \/>\n<meta property=\"og:site_name\" content=\"Art VallARTa\" \/>\n<meta property=\"article:publisher\" content=\"http:\/\/www.facebook.com\/artvallarta\" \/>\n<meta property=\"article:modified_time\" content=\"2021-05-03T20:53:41+00:00\" \/>\n<meta property=\"og:image\" content=\"https:\/\/artvallarta.com\/wp-content\/uploads\/2020\/07\/cropped-51835738_615449708895218_133232196214325248_n.jpg\" \/>\n\t<meta property=\"og:image:width\" content=\"167\" \/>\n\t<meta property=\"og:image:height\" content=\"119\" \/>\n\t<meta property=\"og:image:type\" content=\"image\/jpeg\" \/>\n<meta name=\"twitter:card\" content=\"summary_large_image\" \/>\n<meta name=\"twitter:label1\" content=\"Tiempo de lectura\" \/>\n\t<meta name=\"twitter:data1\" content=\"2 minutos\" \/>\n<script type=\"application\/ld+json\" class=\"yoast-schema-graph\">{\"@context\":\"https:\\\/\\\/schema.org\",\"@graph\":[{\"@type\":\"WebPage\",\"@id\":\"https:\\\/\\\/artvallarta.com\\\/es\\\/actualizaciones-de-covid-19\\\/\",\"url\":\"https:\\\/\\\/artvallarta.com\\\/es\\\/actualizaciones-de-covid-19\\\/\",\"name\":\"Actualizaciones de Covid 19 - Art VallARTa Puerto Vallarta M\u00e9xico\",\"isPartOf\":{\"@id\":\"https:\\\/\\\/artvallarta.com\\\/es\\\/#website\"},\"datePublished\":\"2021-04-30T17:44:35+00:00\",\"dateModified\":\"2021-05-03T20:53:41+00:00\",\"breadcrumb\":{\"@id\":\"https:\\\/\\\/artvallarta.com\\\/es\\\/actualizaciones-de-covid-19\\\/#breadcrumb\"},\"inLanguage\":\"es\",\"potentialAction\":[{\"@type\":\"ReadAction\",\"target\":[\"https:\\\/\\\/artvallarta.com\\\/es\\\/actualizaciones-de-covid-19\\\/\"]}]},{\"@type\":\"BreadcrumbList\",\"@id\":\"https:\\\/\\\/artvallarta.com\\\/es\\\/actualizaciones-de-covid-19\\\/#breadcrumb\",\"itemListElement\":[{\"@type\":\"ListItem\",\"position\":1,\"name\":\"Pagina principal\",\"item\":\"https:\\\/\\\/artvallarta.com\\\/es\\\/art-vallarta-puerto-vallarta-mexico-home\\\/\"},{\"@type\":\"ListItem\",\"position\":2,\"name\":\"Actualizaciones de Covid 19\"}]},{\"@type\":\"WebSite\",\"@id\":\"https:\\\/\\\/artvallarta.com\\\/es\\\/#website\",\"url\":\"https:\\\/\\\/artvallarta.com\\\/es\\\/\",\"name\":\"Art VallARTa\",\"description\":\"Art VallARTa\",\"publisher\":{\"@id\":\"https:\\\/\\\/artvallarta.com\\\/es\\\/#organization\"},\"potentialAction\":[{\"@type\":\"SearchAction\",\"target\":{\"@type\":\"EntryPoint\",\"urlTemplate\":\"https:\\\/\\\/artvallarta.com\\\/es\\\/?s={search_term_string}\"},\"query-input\":{\"@type\":\"PropertyValueSpecification\",\"valueRequired\":true,\"valueName\":\"search_term_string\"}}],\"inLanguage\":\"es\"},{\"@type\":\"Organization\",\"@id\":\"https:\\\/\\\/artvallarta.com\\\/es\\\/#organization\",\"name\":\"Art VallARTa\",\"url\":\"https:\\\/\\\/artvallarta.com\\\/es\\\/\",\"logo\":{\"@type\":\"ImageObject\",\"inLanguage\":\"es\",\"@id\":\"https:\\\/\\\/artvallarta.com\\\/es\\\/#\\\/schema\\\/logo\\\/image\\\/\",\"url\":\"https:\\\/\\\/artvallarta.com\\\/wp-content\\\/uploads\\\/2019\\\/02\\\/51835738_615449708895218_133232196214325248_n.jpg\",\"contentUrl\":\"https:\\\/\\\/artvallarta.com\\\/wp-content\\\/uploads\\\/2019\\\/02\\\/51835738_615449708895218_133232196214325248_n.jpg\",\"width\":2048,\"height\":1466,\"caption\":\"Art VallARTa\"},\"image\":{\"@id\":\"https:\\\/\\\/artvallarta.com\\\/es\\\/#\\\/schema\\\/logo\\\/image\\\/\"},\"sameAs\":[\"http:\\\/\\\/www.facebook.com\\\/artvallarta\",\"http:\\\/\\\/www.instagram.com\\\/artvallarta\",\"http:\\\/\\\/www.pinterest\\\/artvallarta\",\"https:\\\/\\\/www.youtube.com\\\/channel\\\/UCOqDy2Oyk7EU4tz3S2Gl7kQ\"]}]}<\/script>\n<!-- \/ Yoast SEO plugin. -->","yoast_head_json":{"title":"Actualizaciones de Covid 19 - Art VallARTa Puerto Vallarta M\u00e9xico","robots":{"index":"index","follow":"follow","max-snippet":"max-snippet:-1","max-image-preview":"max-image-preview:large","max-video-preview":"max-video-preview:-1"},"canonical":"https:\/\/artvallarta.com\/es\/actualizaciones-de-covid-19\/","og_locale":"es_ES","og_type":"article","og_title":"Actualizaciones de Covid 19 - Art VallARTa Puerto Vallarta M\u00e9xico","og_description":"Art VallARTa se complace en anunciar que reabrir\u00e1 la tienda Art Supply y las clases a partir del mi\u00e9rcoles 1","og_url":"https:\/\/artvallarta.com\/es\/actualizaciones-de-covid-19\/","og_site_name":"Art VallARTa","article_publisher":"http:\/\/www.facebook.com\/artvallarta","article_modified_time":"2021-05-03T20:53:41+00:00","og_image":[{"width":167,"height":119,"url":"https:\/\/artvallarta.com\/wp-content\/uploads\/2020\/07\/cropped-51835738_615449708895218_133232196214325248_n.jpg","type":"image\/jpeg"}],"twitter_card":"summary_large_image","twitter_misc":{"Tiempo de lectura":"2 minutos"},"schema":{"@context":"https:\/\/schema.org","@graph":[{"@type":"WebPage","@id":"https:\/\/artvallarta.com\/es\/actualizaciones-de-covid-19\/","url":"https:\/\/artvallarta.com\/es\/actualizaciones-de-covid-19\/","name":"Actualizaciones de Covid 19 - Art VallARTa Puerto Vallarta M\u00e9xico","isPartOf":{"@id":"https:\/\/artvallarta.com\/es\/#website"},"datePublished":"2021-04-30T17:44:35+00:00","dateModified":"2021-05-03T20:53:41+00:00","breadcrumb":{"@id":"https:\/\/artvallarta.com\/es\/actualizaciones-de-covid-19\/#breadcrumb"},"inLanguage":"es","potentialAction":[{"@type":"ReadAction","target":["https:\/\/artvallarta.com\/es\/actualizaciones-de-covid-19\/"]}]},{"@type":"BreadcrumbList","@id":"https:\/\/artvallarta.com\/es\/actualizaciones-de-covid-19\/#breadcrumb","itemListElement":[{"@type":"ListItem","position":1,"name":"Pagina principal","item":"https:\/\/artvallarta.com\/es\/art-vallarta-puerto-vallarta-mexico-home\/"},{"@type":"ListItem","position":2,"name":"Actualizaciones de Covid 19"}]},{"@type":"WebSite","@id":"https:\/\/artvallarta.com\/es\/#website","url":"https:\/\/artvallarta.com\/es\/","name":"Art VallARTa","description":"Art VallARTa","publisher":{"@id":"https:\/\/artvallarta.com\/es\/#organization"},"potentialAction":[{"@type":"SearchAction","target":{"@type":"EntryPoint","urlTemplate":"https:\/\/artvallarta.com\/es\/?s={search_term_string}"},"query-input":{"@type":"PropertyValueSpecification","valueRequired":true,"valueName":"search_term_string"}}],"inLanguage":"es"},{"@type":"Organization","@id":"https:\/\/artvallarta.com\/es\/#organization","name":"Art VallARTa","url":"https:\/\/artvallarta.com\/es\/","logo":{"@type":"ImageObject","inLanguage":"es","@id":"https:\/\/artvallarta.com\/es\/#\/schema\/logo\/image\/","url":"https:\/\/artvallarta.com\/wp-content\/uploads\/2019\/02\/51835738_615449708895218_133232196214325248_n.jpg","contentUrl":"https:\/\/artvallarta.com\/wp-content\/uploads\/2019\/02\/51835738_615449708895218_133232196214325248_n.jpg","width":2048,"height":1466,"caption":"Art VallARTa"},"image":{"@id":"https:\/\/artvallarta.com\/es\/#\/schema\/logo\/image\/"},"sameAs":["http:\/\/www.facebook.com\/artvallarta","http:\/\/www.instagram.com\/artvallarta","http:\/\/www.pinterest\/artvallarta","https:\/\/www.youtube.com\/channel\/UCOqDy2Oyk7EU4tz3S2Gl7kQ"]}]}},"_links":{"self":[{"href":"https:\/\/artvallarta.com\/es\/wp-json\/wp\/v2\/pages\/46438","targetHints":{"allow":["GET"]}}],"collection":[{"href":"https:\/\/artvallarta.com\/es\/wp-json\/wp\/v2\/pages"}],"about":[{"href":"https:\/\/artvallarta.com\/es\/wp-json\/wp\/v2\/types\/page"}],"author":[{"embeddable":true,"href":"https:\/\/artvallarta.com\/es\/wp-json\/wp\/v2\/users\/68"}],"replies":[{"embeddable":true,"href":"https:\/\/artvallarta.com\/es\/wp-json\/wp\/v2\/comments?post=46438"}],"version-history":[{"count":3,"href":"https:\/\/artvallarta.com\/es\/wp-json\/wp\/v2\/pages\/46438\/revisions"}],"predecessor-version":[{"id":46554,"href":"https:\/\/artvallarta.com\/es\/wp-json\/wp\/v2\/pages\/46438\/revisions\/46554"}],"wp:attachment":[{"href":"https:\/\/artvallarta.com\/es\/wp-json\/wp\/v2\/media?parent=46438"}],"curies":[{"name":"wp","href":"https:\/\/api.w.org\/{rel}","templated":true}]}}

<div data-elementor-type="wp-page" data-elementor-id="46438" class="elementor elementor-46438 elementor-33680" data-elementor-post-type="page">
						<section class="elementor-section elementor-top-section elementor-element elementor-element-7f1303ab elementor-section-boxed elementor-section-height-default elementor-section-height-default wd-section-disabled" data-id="7f1303ab" data-element_type="section" data-e-type="section">
						<div class="elementor-container elementor-column-gap-default">
					<div class="elementor-column elementor-col-100 elementor-top-column elementor-element elementor-element-7a87852f" data-id="7a87852f" data-element_type="column" data-e-type="column">
			<div class="elementor-widget-wrap elementor-element-populated">
						<div class="elementor-element elementor-element-27137a6 color-scheme-inherit text-left elementor-widget elementor-widget-text-editor" data-id="27137a6" data-element_type="widget" data-e-type="widget" data-widget_type="text-editor.default">
				<div class="elementor-widget-container">
									<p style="text-align: center;">Art VallARTa se complace en anunciar que reabrirá la tienda Art Supply y las clases a partir del miércoles 1 de julio solo para miembros y estudiantes. Para obtener información sobre la membresía, visite:<a href="https://artvallarta.com/product/membership/"> https://artvallarta.com/product/membership/</a></p>
<p style="text-align: center;">La capacidad de las clases se controlará según el tamaño del aula/taller y todos los participantes deberán usar una máscarilla y cumplir con los procedimientos especiales de salubridad y seguridad. Puede visitar la galería en línea y continuar realizando pedidos de suministros de arte en línea para una recoleccion local segura o DHL / FedEx<a href="/?product_cat= "> https://artvallarta.com/product-category/art-supplies/</a></p>
<p style="text-align: center;">Espacios dedicados para talleres de artistas disponbiles con horario de verano en nuestra aula con aire acondicionado. Durante estos tiempos, hemos descubierto que crear arte y aprender una nueva habilidad creativa puede ser muy emocionante. Esperamos poder darle la bienvenida de vuelta pronto.</p>
<p style="text-align: center;">Art VallARTa está feliz de anunciar que reabrirá sus puertas para su tienda de artículos de arte y para clases empezando este próximo miércoles 1ro de julio para miembros y estudiantes solamente. Para información acerca de la membresía por favor visite el sitio:<a href="https://artvallarta.com/product/membership/"> https://artvallarta.com/product/membership/</a></p>
<p style="text-align: center;">La capacidad de las clases estará controlada acorde al tamaño del salón y se requiere que todos los participantes usen una mascarilla y que sigan el protocolo de higiene especial. Puede visitar la galería virtual y también programar órdenes con recolección segura o usando un servicio de mensajería (DHL / FedEx), esta última al ir al siguiente sitio:<a href="https://artvallarta.com/es/categoria-producto/art-supplies-es/"> https://artvallarta.com/product-category/art-supplies/</a></p>
<p style="text-align: center;">Espacios dedicados para talleres de artistas disponbiles con horario de verano en nuestra aula con aire acondicionado. Nos hemos dado cuenta de que durante estos tiempos la creación de arte y el aprender una nueva habilidad creativa puede ser bastante enriquecedor. Esperamos darle la bienvenida muy pronto.</p>
								</div>
				</div>
					</div>
		</div>
					</div>
		</section>
				</div>

<p>Art VallARTa se complace en anunciar que reabrirá la tienda Art Supply y las clases a partir del miércoles 1</p>

<!-- This site is optimized with the Yoast SEO plugin v27.3 - https://yoast.com/product/yoast-seo-wordpress/ -->
<title>Actualizaciones de Covid 19 - Art VallARTa Puerto Vallarta México</title>
<meta name="robots" content="index, follow, max-snippet:-1, max-image-preview:large, max-video-preview:-1" />
<link rel="canonical" href="https://artvallarta.com/es/actualizaciones-de-covid-19/" />
<meta property="og:locale" content="es_ES" />
<meta property="og:type" content="article" />
<meta property="og:title" content="Actualizaciones de Covid 19 - Art VallARTa Puerto Vallarta México" />
<meta property="og:description" content="Art VallARTa se complace en anunciar que reabrirá la tienda Art Supply y las clases a partir del miércoles 1" />
<meta property="og:url" content="https://artvallarta.com/es/actualizaciones-de-covid-19/" />
<meta property="og:site_name" content="Art VallARTa" />
<meta property="article:publisher" content="http://www.facebook.com/artvallarta" />
<meta property="article:modified_time" content="2021-05-03T20:53:41+00:00" />
<meta property="og:image" content="https://artvallarta.com/wp-content/uploads/2020/07/cropped-51835738_615449708895218_133232196214325248_n.jpg" />
	<meta property="og:image:width" content="167" />
	<meta property="og:image:height" content="119" />
	<meta property="og:image:type" content="image/jpeg" />
<meta name="twitter:card" content="summary_large_image" />
<meta name="twitter:label1" content="Tiempo de lectura" />
	<meta name="twitter:data1" content="2 minutos" />
<script type="application/ld+json" class="yoast-schema-graph">{"@context":"https:\/\/schema.org","@graph":[{"@type":"WebPage","@id":"https:\/\/artvallarta.com\/es\/actualizaciones-de-covid-19\/","url":"https:\/\/artvallarta.com\/es\/actualizaciones-de-covid-19\/","name":"Actualizaciones de Covid 19 - Art VallARTa Puerto Vallarta México","isPartOf":{"@id":"https:\/\/artvallarta.com\/es\/#website"},"datePublished":"2021-04-30T17:44:35+00:00","dateModified":"2021-05-03T20:53:41+00:00","breadcrumb":{"@id":"https:\/\/artvallarta.com\/es\/actualizaciones-de-covid-19\/#breadcrumb"},"inLanguage":"es","potentialAction":[{"@type":"ReadAction","target":["https:\/\/artvallarta.com\/es\/actualizaciones-de-covid-19\/"]}]},{"@type":"BreadcrumbList","@id":"https:\/\/artvallarta.com\/es\/actualizaciones-de-covid-19\/#breadcrumb","itemListElement":[{"@type":"ListItem","position":1,"name":"Pagina principal","item":"https:\/\/artvallarta.com\/es\/art-vallarta-puerto-vallarta-mexico-home\/"},{"@type":"ListItem","position":2,"name":"Actualizaciones de Covid 19"}]},{"@type":"WebSite","@id":"https:\/\/artvallarta.com\/es\/#website","url":"https:\/\/artvallarta.com\/es\/","name":"Art VallARTa","description":"Art VallARTa","publisher":{"@id":"https:\/\/artvallarta.com\/es\/#organization"},"potentialAction":[{"@type":"SearchAction","target":{"@type":"EntryPoint","urlTemplate":"https:\/\/artvallarta.com\/es\/?s={search_term_string}"},"query-input":{"@type":"PropertyValueSpecification","valueRequired":true,"valueName":"search_term_string"}}],"inLanguage":"es"},{"@type":"Organization","@id":"https:\/\/artvallarta.com\/es\/#organization","name":"Art VallARTa","url":"https:\/\/artvallarta.com\/es\/","logo":{"@type":"ImageObject","inLanguage":"es","@id":"https:\/\/artvallarta.com\/es\/#\/schema\/logo\/image\/","url":"https:\/\/artvallarta.com\/wp-content\/uploads\/2019\/02\/51835738_615449708895218_133232196214325248_n.jpg","contentUrl":"https:\/\/artvallarta.com\/wp-content\/uploads\/2019\/02\/51835738_615449708895218_133232196214325248_n.jpg","width":2048,"height":1466,"caption":"Art VallARTa"},"image":{"@id":"https:\/\/artvallarta.com\/es\/#\/schema\/logo\/image\/"},"sameAs":["http:\/\/www.facebook.com\/artvallarta","http:\/\/www.instagram.com\/artvallarta","http:\/\/www.pinterest\/artvallarta","https:\/\/www.youtube.com\/channel\/UCOqDy2Oyk7EU4tz3S2Gl7kQ"]}]}</script>
<!-- / Yoast SEO plugin. -->

Actualizaciones de Covid 19 - Art VallARTa Puerto Vallarta México

Art VallARTa se complace en anunciar que reabrirá la tienda Art Supply y las clases a partir del miércoles 1
